{"id":548,"date":"2026-02-16T18:14:59","date_gmt":"2026-02-16T18:14:59","guid":{"rendered":"https:\/\/crowdcompass.ovh\/kbh\/?page_id=548"},"modified":"2026-02-23T18:17:28","modified_gmt":"2026-02-23T18:17:28","slug":"sobre-nosotros","status":"publish","type":"page","link":"https:\/\/crowdcompass.ovh\/kbh\/sobre-nosotros\/","title":{"rendered":"Sobre Nosotros"},"content":{"rendered":"\n<div class=\"wp-block-uagb-container uagb-block-grgz9x3u alignfull uagb-is-root-container\"><div class=\"uagb-container-inner-blocks-wrap\">\n<div class=\"wp-block-uagb-info-box uagb-block-dd96scpx uagb-infobox__content-wrap  uagb-infobox-icon-above-title uagb-infobox-image-valign-top\"><div class=\"uagb-ifb-content\"><div class=\"uagb-ifb-title-wrap\"><h1 class=\"uagb-ifb-title\">Nuestro Inspirador viaje<\/h1><\/div><p class=\"uagb-ifb-desc\">Descubra nuestra historia y compromiso con la excelencia en tan s\u00f3lo unas l\u00edneas.<\/p><\/div><\/div>\n<\/div><\/div>\n\n\n\n<div class=\"wp-block-uagb-container uagb-block-gyv2tohi alignfull uagb-is-root-container\"><div class=\"uagb-container-inner-blocks-wrap\">\n<div class=\"wp-block-uagb-container uagb-block-1bqro74y\">\n<div class=\"wp-block-group is-nowrap is-layout-flex wp-container-core-group-is-layout-6c531013 wp-block-group-is-layout-flex\">\n<div class=\"wp-block-uagb-info-box uagb-block-bjei2keu uagb-infobox__content-wrap  uagb-infobox-icon-above-title uagb-infobox-image-valign-top\"><div class=\"uagb-ifb-content\"><div class=\"uagb-ifb-title-wrap\"><h2 class=\"uagb-ifb-title\">Nuestra Historia<\/h2><\/div><\/div><\/div>\n\n\n\n<div class=\"wp-block-uagb-info-box uagb-block-ib3icvdy uagb-infobox__content-wrap  uagb-infobox-icon-above-title uagb-infobox-image-valign-top\"><div class=\"uagb-ifb-content\"><div class=\"uagb-ifb-title-wrap\"><\/div><p class=\"uagb-ifb-desc\">Somos KBH, un equipo de estudiantes de Ingenier\u00eda Multimedia que desarrolla <strong>CrowdCompass<\/strong> como proyecto ABP: un asistente virtual para eventos que gu\u00eda a los asistentes dentro de un recinto de forma clara e intuitiva. Combinamos perfiles de <strong>desarrollo web<\/strong>, <strong>dise\u00f1o\/UX<\/strong> y <strong>contenidos multimedia\/3D<\/strong> para crear una soluci\u00f3n completa: desde la experiencia de usuario y la identidad visual, hasta la implementaci\u00f3n t\u00e9cnica e integraci\u00f3n de servicios. Nos mueve convertir un reto real en un producto \u00fatil, cuidando tanto el detalle t\u00e9cnico como la calidad de la experiencia final.<\/p><\/div><\/div>\n<\/div>\n<\/div>\n\n\n\n<div class=\"wp-block-uagb-image uagb-block-742e1ed2 wp-block-uagb-image--layout-default wp-block-uagb-image--effect-static wp-block-uagb-image--align-none\"><figure class=\"wp-block-uagb-image__figure\"><img decoding=\"async\" srcset=\"https:\/\/crowdcompass.ovh\/kbh\/wp-content\/uploads\/2026\/02\/DSC_0012_1-1024x683.jpg ,https:\/\/crowdcompass.ovh\/kbh\/wp-content\/uploads\/2026\/02\/DSC_0012_1-scaled.jpg 780w, https:\/\/crowdcompass.ovh\/kbh\/wp-content\/uploads\/2026\/02\/DSC_0012_1-scaled.jpg 360w\" sizes=\"auto, (max-width: 480px) 150px\" src=\"https:\/\/crowdcompass.ovh\/kbh\/wp-content\/uploads\/2026\/02\/DSC_0012_1-1024x683.jpg\" alt=\"dsc 0012 1\" class=\"uag-image-553\" width=\"6000\" height=\"4000\" title=\"dsc 0012 1\" loading=\"lazy\" role=\"img\"\/><\/figure><\/div>\n\n\n\n<div class=\"wp-block-uagb-container uagb-block-51lbamvo\">\n<div class=\"wp-block-uagb-info-box uagb-block-nyc8maml uagb-infobox__content-wrap  uagb-infobox-icon-above-title uagb-infobox-image-valign-top\"><div class=\"uagb-ifb-content\"><div class=\"uagb-ifb-icon-wrap\"><svg xmlns=\"https:\/\/www.w3.org\/2000\/svg\" viewBox=\"0 0 448 512\"><path d=\"M438.6 105.4C451.1 117.9 451.1 138.1 438.6 150.6L182.6 406.6C170.1 419.1 149.9 419.1 137.4 406.6L9.372 278.6C-3.124 266.1-3.124 245.9 9.372 233.4C21.87 220.9 42.13 220.9 54.63 233.4L159.1 338.7L393.4 105.4C405.9 92.88 426.1 92.88 438.6 105.4H438.6z\"><\/path><\/svg><\/div><div class=\"uagb-ifb-title-wrap\"><h3 class=\"uagb-ifb-title\">Inniavaci\u00f3n<\/h3><\/div><p class=\"uagb-ifb-desc\">Continuamente ampliamos los l\u00edmites de la creatividad para ofrecer soluciones innovadoras.<\/p><\/div><\/div>\n\n\n\n<div class=\"wp-block-uagb-info-box uagb-block-nesvwwhs uagb-infobox__content-wrap  uagb-infobox-icon-above-title uagb-infobox-image-valign-top\"><div class=\"uagb-ifb-content\"><div class=\"uagb-ifb-icon-wrap\"><svg xmlns=\"https:\/\/www.w3.org\/2000\/svg\" viewBox=\"0 0 448 512\"><path d=\"M438.6 105.4C451.1 117.9 451.1 138.1 438.6 150.6L182.6 406.6C170.1 419.1 149.9 419.1 137.4 406.6L9.372 278.6C-3.124 266.1-3.124 245.9 9.372 233.4C21.87 220.9 42.13 220.9 54.63 233.4L159.1 338.7L393.4 105.4C405.9 92.88 426.1 92.88 438.6 105.4H438.6z\"><\/path><\/svg><\/div><div class=\"uagb-ifb-title-wrap\"><h3 class=\"uagb-ifb-title\">Pericia<\/h3><\/div><p class=\"uagb-ifb-desc\">Nuestro equipo de profesionales experimentados aporta una experiencia inigualable a cada proyecto.<\/p><\/div><\/div>\n\n\n\n<div class=\"wp-block-uagb-info-box uagb-block-8qehjfqt uagb-infobox__content-wrap  uagb-infobox-icon-above-title uagb-infobox-image-valign-top\"><div class=\"uagb-ifb-content\"><div class=\"uagb-ifb-icon-wrap\"><svg xmlns=\"https:\/\/www.w3.org\/2000\/svg\" viewBox=\"0 0 448 512\"><path d=\"M438.6 105.4C451.1 117.9 451.1 138.1 438.6 150.6L182.6 406.6C170.1 419.1 149.9 419.1 137.4 406.6L9.372 278.6C-3.124 266.1-3.124 245.9 9.372 233.4C21.87 220.9 42.13 220.9 54.63 233.4L159.1 338.7L393.4 105.4C405.9 92.88 426.1 92.88 438.6 105.4H438.6z\"><\/path><\/svg><\/div><div class=\"uagb-ifb-title-wrap\"><h3 class=\"uagb-ifb-title\">Colaboraci\u00f3n<\/h3><\/div><p class=\"uagb-ifb-desc\">Prosperamos gracias a las asociaciones y al trabajo en equipo, fomentando esfuerzos colaborativos que dan como resultado soluciones innovadoras.<\/p><\/div><\/div>\n\n\n\n<div class=\"wp-block-uagb-info-box uagb-block-cdv3y2uf uagb-infobox__content-wrap  uagb-infobox-icon-above-title uagb-infobox-image-valign-top\"><div class=\"uagb-ifb-content\"><div class=\"uagb-ifb-icon-wrap\"><svg xmlns=\"https:\/\/www.w3.org\/2000\/svg\" viewBox=\"0 0 448 512\"><path d=\"M438.6 105.4C451.1 117.9 451.1 138.1 438.6 150.6L182.6 406.6C170.1 419.1 149.9 419.1 137.4 406.6L9.372 278.6C-3.124 266.1-3.124 245.9 9.372 233.4C21.87 220.9 42.13 220.9 54.63 233.4L159.1 338.7L393.4 105.4C405.9 92.88 426.1 92.88 438.6 105.4H438.6z\"><\/path><\/svg><\/div><div class=\"uagb-ifb-title-wrap\"><h3 class=\"uagb-ifb-title\">Centrada en el cliente<\/h3><\/div><p class=\"uagb-ifb-desc\">Nuestros clientes est\u00e1n en el centro de todo lo que hacemos y adaptamos nuestras soluciones para satisfacer sus necesidades y aspiraciones \u00fanicas.<\/p><\/div><\/div>\n<\/div>\n<\/div><\/div>\n\n\n\n<div class=\"wp-block-uagb-container uagb-block-ceihe1z4 alignfull uagb-is-root-container\"><div class=\"uagb-container-inner-blocks-wrap\">\n<div class=\"wp-block-uagb-info-box uagb-block-wbvzod8j uagb-infobox__content-wrap  uagb-infobox-icon-above-title uagb-infobox-image-valign-top\"><div class=\"uagb-ifb-content\"><div class=\"uagb-ifb-title-wrap\"><h2 class=\"uagb-ifb-title\">Nuestro Equipo<\/h2><\/div><p class=\"uagb-ifb-desc\">Conoce nuestras creativas mentes detras de nuestro \u00e9xito.<\/p><\/div><\/div>\n\n\n\n<div class=\"wp-block-uagb-container uagb-block-bb6055a3\">\n<div class=\"wp-block-uagb-container uagb-block-543fd261\">\n<div class=\"wp-block-uagb-container uagb-block-undefined\">\n<div class=\"wp-block-uagb-container uagb-block-c691f411\">\n<div class=\"wp-block-uagb-container uagb-layout-grid uagb-block-9keccaa8\">\n<div class=\"wp-block-uagb-container uagb-block-rib5z4rk\">\n<figure class=\"wp-block-image size-large\"><img loading=\"lazy\" decoding=\"async\" width=\"1024\" height=\"683\" src=\"https:\/\/crowdcompass.ovh\/kbh\/wp-content\/uploads\/2026\/02\/DSC_0020_1-1024x683.jpg\" alt=\"dsc 0020 1\" class=\"wp-image-555\" title=\"Sobre Nosotros\" srcset=\"https:\/\/crowdcompass.ovh\/kbh\/wp-content\/uploads\/2026\/02\/DSC_0020_1-1024x683.jpg 1024w, https:\/\/crowdcompass.ovh\/kbh\/wp-content\/uploads\/2026\/02\/DSC_0020_1-300x200.jpg 300w, https:\/\/crowdcompass.ovh\/kbh\/wp-content\/uploads\/2026\/02\/DSC_0020_1-768x512.jpg 768w, https:\/\/crowdcompass.ovh\/kbh\/wp-content\/uploads\/2026\/02\/DSC_0020_1-1536x1024.jpg 1536w, https:\/\/crowdcompass.ovh\/kbh\/wp-content\/uploads\/2026\/02\/DSC_0020_1-2048x1365.jpg 2048w\" sizes=\"auto, (max-width: 1024px) 100vw, 1024px\" \/><\/figure>\n\n\n\n<div class=\"wp-block-uagb-info-box uagb-block-6pcmptti uagb-infobox__content-wrap  uagb-infobox-icon-above-title uagb-infobox-image-valign-top\"><div class=\"uagb-ifb-content\"><div class=\"uagb-ifb-title-wrap\"><p class=\"uagb-ifb-title\">Pablo Garcia<\/p><\/div><p class=\"uagb-ifb-desc\">Director<\/p><\/div><\/div>\n\n\n\n<div class=\"wp-block-uagb-image uagb-block-868a5099 wp-block-uagb-image--layout-default wp-block-uagb-image--effect-static wp-block-uagb-image--align-none\"><figure class=\"wp-block-uagb-image__figure\"><img decoding=\"async\" srcset=\"https:\/\/crowdcompass.ovh\/kbh\/wp-content\/uploads\/2026\/02\/DSC_0036_1-1024x683.jpg ,https:\/\/crowdcompass.ovh\/kbh\/wp-content\/uploads\/2026\/02\/DSC_0036_1-scaled.jpg 780w, https:\/\/crowdcompass.ovh\/kbh\/wp-content\/uploads\/2026\/02\/DSC_0036_1-scaled.jpg 360w\" sizes=\"auto, (max-width: 480px) 150px\" src=\"https:\/\/crowdcompass.ovh\/kbh\/wp-content\/uploads\/2026\/02\/DSC_0036_1-1024x683.jpg\" alt=\"dsc 0036 1\" class=\"uag-image-558\" width=\"1024\" height=\"683\" title=\"dsc 0036 1\" loading=\"lazy\" role=\"img\"\/><\/figure><\/div>\n\n\n\n<div class=\"wp-block-uagb-info-box uagb-block-aag9eqcl uagb-infobox__content-wrap  uagb-infobox-icon-above-title uagb-infobox-image-valign-top\"><div class=\"uagb-ifb-content\"><div class=\"uagb-ifb-title-wrap\"><p class=\"uagb-ifb-title\">Pablo P\u00e9rez<\/p><\/div><p class=\"uagb-ifb-desc\">Director<\/p><\/div><\/div>\n<\/div>\n\n\n\n<div class=\"wp-block-uagb-container uagb-block-trvojrfm\">\n<figure class=\"wp-block-image aligncenter size-large\"><img loading=\"lazy\" decoding=\"async\" width=\"1024\" height=\"683\" src=\"https:\/\/crowdcompass.ovh\/kbh\/wp-content\/uploads\/2026\/02\/DSC_0019_1-1024x683.jpg\" alt=\"dsc 0019 1\" class=\"wp-image-554\" title=\"Sobre Nosotros\" srcset=\"https:\/\/crowdcompass.ovh\/kbh\/wp-content\/uploads\/2026\/02\/DSC_0019_1-1024x683.jpg 1024w, https:\/\/crowdcompass.ovh\/kbh\/wp-content\/uploads\/2026\/02\/DSC_0019_1-300x200.jpg 300w, https:\/\/crowdcompass.ovh\/kbh\/wp-content\/uploads\/2026\/02\/DSC_0019_1-768x512.jpg 768w, https:\/\/crowdcompass.ovh\/kbh\/wp-content\/uploads\/2026\/02\/DSC_0019_1-1536x1024.jpg 1536w, https:\/\/crowdcompass.ovh\/kbh\/wp-content\/uploads\/2026\/02\/DSC_0019_1-2048x1365.jpg 2048w\" sizes=\"auto, (max-width: 1024px) 100vw, 1024px\" \/><\/figure>\n\n\n\n<div class=\"wp-block-uagb-info-box uagb-block-oqfq1wfz uagb-infobox__content-wrap  uagb-infobox-icon-above-title uagb-infobox-image-valign-top\"><div class=\"uagb-ifb-content\"><div class=\"uagb-ifb-title-wrap\"><p class=\"uagb-ifb-title\">Sergio Pernas<\/p><\/div><p class=\"uagb-ifb-desc\">CEO<\/p><\/div><\/div>\n<\/div>\n\n\n\n<div class=\"wp-block-uagb-container uagb-block-ab32ae1c\">\n<div class=\"wp-block-uagb-image uagb-block-94ea1a97 wp-block-uagb-image--layout-default wp-block-uagb-image--effect-static wp-block-uagb-image--align-none\"><figure class=\"wp-block-uagb-image__figure\"><img decoding=\"async\" srcset=\"https:\/\/crowdcompass.ovh\/kbh\/wp-content\/uploads\/2026\/02\/DSC_0034_1-1024x683.jpg ,https:\/\/crowdcompass.ovh\/kbh\/wp-content\/uploads\/2026\/02\/DSC_0034_1-scaled.jpg 780w, https:\/\/crowdcompass.ovh\/kbh\/wp-content\/uploads\/2026\/02\/DSC_0034_1-scaled.jpg 360w\" sizes=\"auto, (max-width: 480px) 150px\" src=\"https:\/\/crowdcompass.ovh\/kbh\/wp-content\/uploads\/2026\/02\/DSC_0034_1-1024x683.jpg\" alt=\"dsc 0034 1\" class=\"uag-image-557\" width=\"1024\" height=\"683\" title=\"dsc 0034 1\" loading=\"lazy\" role=\"img\"\/><\/figure><\/div>\n\n\n\n<div class=\"wp-block-uagb-info-box uagb-block-7526fb4a uagb-infobox__content-wrap  uagb-infobox-icon-above-title uagb-infobox-image-valign-top\"><div class=\"uagb-ifb-content\"><div class=\"uagb-ifb-title-wrap\"><p class=\"uagb-ifb-title\">Adrian Vilella<\/p><\/div><p class=\"uagb-ifb-desc\">CRO<\/p><\/div><\/div>\n\n\n\n<figure class=\"wp-block-image alignfull size-large\"><img loading=\"lazy\" decoding=\"async\" width=\"1024\" height=\"683\" src=\"https:\/\/crowdcompass.ovh\/kbh\/wp-content\/uploads\/2026\/02\/DSC_0025_1-1024x683.jpg\" alt=\"dsc 0025 1\" class=\"wp-image-556\" title=\"Sobre Nosotros\" srcset=\"https:\/\/crowdcompass.ovh\/kbh\/wp-content\/uploads\/2026\/02\/DSC_0025_1-1024x683.jpg 1024w, https:\/\/crowdcompass.ovh\/kbh\/wp-content\/uploads\/2026\/02\/DSC_0025_1-300x200.jpg 300w, https:\/\/crowdcompass.ovh\/kbh\/wp-content\/uploads\/2026\/02\/DSC_0025_1-768x512.jpg 768w, https:\/\/crowdcompass.ovh\/kbh\/wp-content\/uploads\/2026\/02\/DSC_0025_1-1536x1024.jpg 1536w, https:\/\/crowdcompass.ovh\/kbh\/wp-content\/uploads\/2026\/02\/DSC_0025_1-2048x1365.jpg 2048w\" sizes=\"auto, (max-width: 1024px) 100vw, 1024px\" \/><\/figure>\n\n\n\n<div class=\"wp-block-uagb-info-box uagb-block-vftzmko4 uagb-infobox__content-wrap  uagb-infobox-icon-above-title uagb-infobox-image-valign-top\"><div class=\"uagb-ifb-content\"><div class=\"uagb-ifb-title-wrap\"><p class=\"uagb-ifb-title\">Antonio Aranda<\/p><\/div><p class=\"uagb-ifb-desc\">CRO<\/p><\/div><\/div>\n<\/div>\n<\/div>\n<\/div>\n<\/div>\n<\/div>\n<\/div>\n<\/div><\/div>\n\n\n\n<div class=\"wp-block-uagb-container uagb-block-rluqu18e alignfull uagb-is-root-container\"><div class=\"uagb-container-inner-blocks-wrap\">\n<div class=\"wp-block-uagb-info-box uagb-block-yv8cs6sa uagb-infobox__content-wrap  uagb-infobox-icon-above-title uagb-infobox-image-valign-top\"><div class=\"uagb-ifb-content\"><div class=\"uagb-ifb-title-wrap\"><p class=\"uagb-ifb-title-prefix\">Mantente en contacto con nosotros<\/p><h2 class=\"uagb-ifb-title\">Creemos Juntos<\/h2><\/div><p class=\"uagb-ifb-desc\">Con\u00e9ctate con nosotros para descubrir c\u00f3mo podemos hacer realidad tu visi\u00f3n. \u00danete a nosotros para forjar el futuro.<\/p><\/div><\/div>\n\n\n\n<div class=\"wp-block-uagb-buttons uagb-buttons__outer-wrap uagb-btn__default-btn uagb-btn-tablet__default-btn uagb-btn-mobile__default-btn uagb-block-dsnewiob\"><div class=\"uagb-buttons__wrap uagb-buttons-layout-wrap \">\n<div class=\"wp-block-uagb-buttons-child uagb-buttons__outer-wrap uagb-block-r5nydraz wp-block-button\"><div class=\"uagb-button__wrapper\"><a class=\"uagb-buttons-repeater wp-block-button__link\" aria-label=\"\" href=\"#\" rel=\"follow noopener\" target=\"_self\" role=\"button\"><div class=\"uagb-button__link\">Empezar<\/div><\/a><\/div><\/div>\n<\/div><\/div>\n<\/div><\/div>\n","protected":false},"excerpt":{"rendered":"","protected":false},"author":1,"featured_media":0,"parent":0,"menu_order":0,"comment_status":"closed","ping_status":"closed","template":"","meta":{"_uag_custom_page_level_css":"","site-sidebar-layout":"default","site-content-layout":"","ast-site-content-layout":"default","site-content-style":"default","site-sidebar-style":"default","ast-global-header-display":"","ast-banner-title-visibility":"","ast-main-header-display":"","ast-hfb-above-header-display":"","ast-hfb-below-header-display":"","ast-hfb-mobile-header-display":"","site-post-title":"disabled","ast-breadcrumbs-content":"","ast-featured-img":"","footer-sml-layout":"","ast-disable-related-posts":"","theme-transparent-header-meta":"","adv-header-id-meta":"","stick-header-meta":"","header-above-stick-meta":"","header-main-stick-meta":"","header-below-stick-meta":"","astra-migrate-meta-layouts":"default","ast-page-background-enabled":"default","ast-page-background-meta":{"desktop":{"background-color":"var(--ast-global-color-4)","background-image":"","background-repeat":"repeat","background-position":"center center","background-size":"auto","background-attachment":"scroll","background-type":"","background-media":"","overlay-type":"","overlay-color":"","overlay-opacity":"","overlay-gradient":""},"tablet":{"background-color":"","background-image":"","background-repeat":"repeat","background-position":"center center","background-size":"auto","background-attachment":"scroll","background-type":"","background-media":"","overlay-type":"","overlay-color":"","overlay-opacity":"","overlay-gradient":""},"mobile":{"background-color":"","background-image":"","background-repeat":"repeat","background-position":"center center","background-size":"auto","background-attachment":"scroll","background-type":"","background-media":"","overlay-type":"","overlay-color":"","overlay-opacity":"","overlay-gradient":""}},"ast-content-background-meta":{"desktop":{"background-color":"var(--ast-global-color-5)","background-image":"","background-repeat":"repeat","background-position":"center center","background-size":"auto","background-attachment":"scroll","background-type":"","background-media":"","overlay-type":"","overlay-color":"","overlay-opacity":"","overlay-gradient":""},"tablet":{"background-color":"var(--ast-global-color-5)","background-image":"","background-repeat":"repeat","background-position":"center center","background-size":"auto","background-attachment":"scroll","background-type":"","background-media":"","overlay-type":"","overlay-color":"","overlay-opacity":"","overlay-gradient":""},"mobile":{"background-color":"var(--ast-global-color-5)","background-image":"","background-repeat":"repeat","background-position":"center center","background-size":"auto","background-attachment":"scroll","background-type":"","background-media":"","overlay-type":"","overlay-color":"","overlay-opacity":"","overlay-gradient":""}},"footnotes":""},"class_list":["post-548","page","type-page","status-publish","hentry"],"yoast_head":"<!-- This site is optimized with the Yoast SEO plugin v27.1.1 - https:\/\/yoast.com\/product\/yoast-seo-wordpress\/ -->\n<title>Sobre Nosotros -<\/title>\n<meta name=\"robots\" content=\"index, follow, max-snippet:-1, max-image-preview:large, max-video-preview:-1\" \/>\n<link rel=\"canonical\" href=\"https:\/\/crowdcompass.ovh\/kbh\/sobre-nosotros\/\" \/>\n<meta property=\"og:locale\" content=\"es_ES\" \/>\n<meta property=\"og:type\" content=\"article\" \/>\n<meta property=\"og:title\" content=\"Sobre Nosotros -\" \/>\n<meta property=\"og:url\" content=\"https:\/\/crowdcompass.ovh\/kbh\/sobre-nosotros\/\" \/>\n<meta property=\"article:modified_time\" content=\"2026-02-23T18:17:28+00:00\" \/>\n<meta property=\"og:image\" content=\"https:\/\/crowdcompass.ovh\/kbh\/wp-content\/uploads\/2026\/02\/DSC_0012_1-1024x683.jpg\" \/>\n<meta name=\"twitter:card\" content=\"summary_large_image\" \/>\n<meta name=\"twitter:site\" content=\"@CrowdCompassKBH\" \/>\n<meta name=\"twitter:label1\" content=\"Tiempo de lectura\" \/>\n\t<meta name=\"twitter:data1\" content=\"1 minuto\" \/>\n<script type=\"application\/ld+json\" class=\"yoast-schema-graph\">{\"@context\":\"https:\/\/schema.org\",\"@graph\":[{\"@type\":\"WebPage\",\"@id\":\"https:\/\/crowdcompass.ovh\/kbh\/sobre-nosotros\/\",\"url\":\"https:\/\/crowdcompass.ovh\/kbh\/sobre-nosotros\/\",\"name\":\"Sobre Nosotros -\",\"isPartOf\":{\"@id\":\"https:\/\/crowdcompass.ovh\/kbh\/#website\"},\"primaryImageOfPage\":{\"@id\":\"https:\/\/crowdcompass.ovh\/kbh\/sobre-nosotros\/#primaryimage\"},\"image\":{\"@id\":\"https:\/\/crowdcompass.ovh\/kbh\/sobre-nosotros\/#primaryimage\"},\"thumbnailUrl\":\"https:\/\/crowdcompass.ovh\/kbh\/wp-content\/uploads\/2026\/02\/DSC_0012_1-1024x683.jpg\",\"datePublished\":\"2026-02-16T18:14:59+00:00\",\"dateModified\":\"2026-02-23T18:17:28+00:00\",\"breadcrumb\":{\"@id\":\"https:\/\/crowdcompass.ovh\/kbh\/sobre-nosotros\/#breadcrumb\"},\"inLanguage\":\"es\",\"potentialAction\":[{\"@type\":\"ReadAction\",\"target\":[\"https:\/\/crowdcompass.ovh\/kbh\/sobre-nosotros\/\"]}]},{\"@type\":\"ImageObject\",\"inLanguage\":\"es\",\"@id\":\"https:\/\/crowdcompass.ovh\/kbh\/sobre-nosotros\/#primaryimage\",\"url\":\"https:\/\/crowdcompass.ovh\/kbh\/wp-content\/uploads\/2026\/02\/DSC_0012_1-scaled.jpg\",\"contentUrl\":\"https:\/\/crowdcompass.ovh\/kbh\/wp-content\/uploads\/2026\/02\/DSC_0012_1-scaled.jpg\",\"width\":2560,\"height\":1707,\"caption\":\"sobre-nosotros\"},{\"@type\":\"BreadcrumbList\",\"@id\":\"https:\/\/crowdcompass.ovh\/kbh\/sobre-nosotros\/#breadcrumb\",\"itemListElement\":[{\"@type\":\"ListItem\",\"position\":1,\"name\":\"Portada\",\"item\":\"https:\/\/crowdcompass.ovh\/kbh\/\"},{\"@type\":\"ListItem\",\"position\":2,\"name\":\"Sobre Nosotros\"}]},{\"@type\":\"WebSite\",\"@id\":\"https:\/\/crowdcompass.ovh\/kbh\/#website\",\"url\":\"https:\/\/crowdcompass.ovh\/kbh\/\",\"name\":\"KBH\",\"description\":\"Equipo Multidisciplinar para Proyectos Multimedia\",\"publisher\":{\"@id\":\"https:\/\/crowdcompass.ovh\/kbh\/#organization\"},\"potentialAction\":[{\"@type\":\"SearchAction\",\"target\":{\"@type\":\"EntryPoint\",\"urlTemplate\":\"https:\/\/crowdcompass.ovh\/kbh\/?s={search_term_string}\"},\"query-input\":{\"@type\":\"PropertyValueSpecification\",\"valueRequired\":true,\"valueName\":\"search_term_string\"}}],\"inLanguage\":\"es\"},{\"@type\":\"Organization\",\"@id\":\"https:\/\/crowdcompass.ovh\/kbh\/#organization\",\"name\":\"KBH\",\"url\":\"https:\/\/crowdcompass.ovh\/kbh\/\",\"logo\":{\"@type\":\"ImageObject\",\"inLanguage\":\"es\",\"@id\":\"https:\/\/crowdcompass.ovh\/kbh\/#\/schema\/logo\/image\/\",\"url\":\"https:\/\/crowdcompass.ovh\/kbh\/wp-content\/uploads\/2026\/02\/cropped-LOGO-light.png\",\"contentUrl\":\"https:\/\/crowdcompass.ovh\/kbh\/wp-content\/uploads\/2026\/02\/cropped-LOGO-light.png\",\"width\":512,\"height\":512,\"caption\":\"KBH\"},\"image\":{\"@id\":\"https:\/\/crowdcompass.ovh\/kbh\/#\/schema\/logo\/image\/\"},\"sameAs\":[\"https:\/\/x.com\/CrowdCompassKBH\",\"https:\/\/www.instagram.com\/crowdcompass.kbh\"]}]}<\/script>\n<!-- \/ Yoast SEO plugin. -->","yoast_head_json":{"title":"Sobre Nosotros -","robots":{"index":"index","follow":"follow","max-snippet":"max-snippet:-1","max-image-preview":"max-image-preview:large","max-video-preview":"max-video-preview:-1"},"canonical":"https:\/\/crowdcompass.ovh\/kbh\/sobre-nosotros\/","og_locale":"es_ES","og_type":"article","og_title":"Sobre Nosotros -","og_url":"https:\/\/crowdcompass.ovh\/kbh\/sobre-nosotros\/","article_modified_time":"2026-02-23T18:17:28+00:00","og_image":[{"url":"https:\/\/crowdcompass.ovh\/kbh\/wp-content\/uploads\/2026\/02\/DSC_0012_1-1024x683.jpg","type":"","width":"","height":""}],"twitter_card":"summary_large_image","twitter_site":"@CrowdCompassKBH","twitter_misc":{"Tiempo de lectura":"1 minuto"},"schema":{"@context":"https:\/\/schema.org","@graph":[{"@type":"WebPage","@id":"https:\/\/crowdcompass.ovh\/kbh\/sobre-nosotros\/","url":"https:\/\/crowdcompass.ovh\/kbh\/sobre-nosotros\/","name":"Sobre Nosotros -","isPartOf":{"@id":"https:\/\/crowdcompass.ovh\/kbh\/#website"},"primaryImageOfPage":{"@id":"https:\/\/crowdcompass.ovh\/kbh\/sobre-nosotros\/#primaryimage"},"image":{"@id":"https:\/\/crowdcompass.ovh\/kbh\/sobre-nosotros\/#primaryimage"},"thumbnailUrl":"https:\/\/crowdcompass.ovh\/kbh\/wp-content\/uploads\/2026\/02\/DSC_0012_1-1024x683.jpg","datePublished":"2026-02-16T18:14:59+00:00","dateModified":"2026-02-23T18:17:28+00:00","breadcrumb":{"@id":"https:\/\/crowdcompass.ovh\/kbh\/sobre-nosotros\/#breadcrumb"},"inLanguage":"es","potentialAction":[{"@type":"ReadAction","target":["https:\/\/crowdcompass.ovh\/kbh\/sobre-nosotros\/"]}]},{"@type":"ImageObject","inLanguage":"es","@id":"https:\/\/crowdcompass.ovh\/kbh\/sobre-nosotros\/#primaryimage","url":"https:\/\/crowdcompass.ovh\/kbh\/wp-content\/uploads\/2026\/02\/DSC_0012_1-scaled.jpg","contentUrl":"https:\/\/crowdcompass.ovh\/kbh\/wp-content\/uploads\/2026\/02\/DSC_0012_1-scaled.jpg","width":2560,"height":1707,"caption":"sobre-nosotros"},{"@type":"BreadcrumbList","@id":"https:\/\/crowdcompass.ovh\/kbh\/sobre-nosotros\/#breadcrumb","itemListElement":[{"@type":"ListItem","position":1,"name":"Portada","item":"https:\/\/crowdcompass.ovh\/kbh\/"},{"@type":"ListItem","position":2,"name":"Sobre Nosotros"}]},{"@type":"WebSite","@id":"https:\/\/crowdcompass.ovh\/kbh\/#website","url":"https:\/\/crowdcompass.ovh\/kbh\/","name":"KBH","description":"Equipo Multidisciplinar para Proyectos Multimedia","publisher":{"@id":"https:\/\/crowdcompass.ovh\/kbh\/#organization"},"potentialAction":[{"@type":"SearchAction","target":{"@type":"EntryPoint","urlTemplate":"https:\/\/crowdcompass.ovh\/kbh\/?s={search_term_string}"},"query-input":{"@type":"PropertyValueSpecification","valueRequired":true,"valueName":"search_term_string"}}],"inLanguage":"es"},{"@type":"Organization","@id":"https:\/\/crowdcompass.ovh\/kbh\/#organization","name":"KBH","url":"https:\/\/crowdcompass.ovh\/kbh\/","logo":{"@type":"ImageObject","inLanguage":"es","@id":"https:\/\/crowdcompass.ovh\/kbh\/#\/schema\/logo\/image\/","url":"https:\/\/crowdcompass.ovh\/kbh\/wp-content\/uploads\/2026\/02\/cropped-LOGO-light.png","contentUrl":"https:\/\/crowdcompass.ovh\/kbh\/wp-content\/uploads\/2026\/02\/cropped-LOGO-light.png","width":512,"height":512,"caption":"KBH"},"image":{"@id":"https:\/\/crowdcompass.ovh\/kbh\/#\/schema\/logo\/image\/"},"sameAs":["https:\/\/x.com\/CrowdCompassKBH","https:\/\/www.instagram.com\/crowdcompass.kbh"]}]}},"uagb_featured_image_src":{"full":false,"thumbnail":false,"medium":false,"medium_large":false,"large":false,"1536x1536":false,"2048x2048":false},"uagb_author_info":{"display_name":"kbh","author_link":"https:\/\/crowdcompass.ovh\/kbh\/author\/kbh\/"},"uagb_comment_info":0,"uagb_excerpt":null,"_links":{"self":[{"href":"https:\/\/crowdcompass.ovh\/kbh\/wp-json\/wp\/v2\/pages\/548","targetHints":{"allow":["GET"]}}],"collection":[{"href":"https:\/\/crowdcompass.ovh\/kbh\/wp-json\/wp\/v2\/pages"}],"about":[{"href":"https:\/\/crowdcompass.ovh\/kbh\/wp-json\/wp\/v2\/types\/page"}],"author":[{"embeddable":true,"href":"https:\/\/crowdcompass.ovh\/kbh\/wp-json\/wp\/v2\/users\/1"}],"replies":[{"embeddable":true,"href":"https:\/\/crowdcompass.ovh\/kbh\/wp-json\/wp\/v2\/comments?post=548"}],"version-history":[{"count":3,"href":"https:\/\/crowdcompass.ovh\/kbh\/wp-json\/wp\/v2\/pages\/548\/revisions"}],"predecessor-version":[{"id":587,"href":"https:\/\/crowdcompass.ovh\/kbh\/wp-json\/wp\/v2\/pages\/548\/revisions\/587"}],"wp:attachment":[{"href":"https:\/\/crowdcompass.ovh\/kbh\/wp-json\/wp\/v2\/media?parent=548"}],"curies":[{"name":"wp","href":"https:\/\/api.w.org\/{rel}","templated":true}]}}